actors of l?
3, 5
Let h = -18 + 20. Suppose -3*o = -4*o + h. Suppose -6*n + 31 = 3*z - o*n, -2*n - 43 = -5*z. List the prime factors of z.
3
Suppose 0 = 2*j - 3*j - 3*r + 616, -j + 595 = -4*r. List the prime factors of j.
607
What are the prime factors of (-2 - -1)/(85981/21497 - 4)?
37, 83
Let s(i) = 8*i - 1. Let g(b) = -b**3 + 12*b**2 + 16*b - 31. Let q be g(13). What are the prime factors of s(q)?
3, 7
Let c(f) be the first derivative of -11*f**5/120 - f**4/24 - 4*f**3/3 - 6. Let z(b) be the third derivative of c(b). List the prime factors of z(-2).
3, 7
Let l(s) = 7*s + 11. Let d be (0 + -5)*56/(-35). List the prime factors of l(d).
67
Suppose -151 = -4*v + 5. Let p = v - -2. What are the prime factors of p?
41
What are the prime factors of (-82)/4*(0 + -24)?
2, 3, 41
Let c = 10 - 10. Suppose -2*s + u - 5 = c, -u - 9 = 4*s + 10. List the prime factors of ((-26)/s)/((-6)/(-12)).
13
Let w be 3*68/(-36)*-3. Let z = 6 + -4. Suppose -w - 21 = -z*b. List the prime factors of b.
19
Let v(f) be the second derivative of -f**3/2 - 4*f**2 - 4*f. Suppose 5*p - y + 30 = y, 4*y - 18 = 3*p. List the prime factors of v(p).
2, 5
Let t(i) be the third derivative of -i**4/24 + 3*i**3/2 - 9*i**2. Let q be t(5). Suppose q*d = -86 + 302. List the prime factors of d.
2, 3
Let a be (27/6)/(5/90). Let q = a + -50. List the prime factors of q.
31
Let r(z) = -6*z - 11. Let q(w) = -2*w - 1. Let v be q(-5). Let c be r(v). Let j = c - -115. What are the prime factors of j?
2, 5
Suppose -5*s + 3*c + 4 = -13, -s + 2*c + 2 = 0. Suppose -v = s*v + 65. Let p = -3 - v. What are the prime factors of p?
2, 5
Let a = 10 + -8. Suppose a*m = -3*y + 9, -3*y + 2*m = m - 18. Suppose -k + 7 = -y*b, 2*k + b = 3*b + 6. List the prime factors of k.
2
Suppose 0 = -5*j + 20, -3*j + 66 = -2*f + 804. What are the prime factors of f?
3, 5
Let o be -24*10/4*-8. Let c = o - 236. What are the prime factors of c?
2, 61
Let g(k) = -4 + 3*k**2 + 12*k - 4*k**2 - 4. Let o be g(6). Suppose -11*w = -10*w - o. What are the prime factors of w?
2, 7
Suppose -7209 - 759 = -3*l - b, -3*l - 2*b + 7965 = 0. List the prime factors of l.
2657
Suppose 4*b + 25 = -b, 5*y = 3*b + 35. Suppose 0 = -m + 34 - y. Suppose -2*r - m = -4*r. List the prime factors of r.
3, 5
Let u(v) be the second derivative of v**4/4 + v**3/6 + 2*v**2 - 2*v. What are the prime factors of u(4)?
2, 7
Let k(b) be the first derivative of 4*b**2 + 4*b - 26. List the prime factors of k(2).
2, 5
Let o = 228 + 251. List the prime factors of o.
479
Let a be 34/12 - (-1)/6. Suppose -3*i - 5*t = 13, a*i - 4*i + 5*t = -9. What are the prime factors of -47*((-2)/i + -3)?
47
Let b = 1511 + -811. List the prime factors of b.
2, 5, 7
Suppose 5*o = -2*t + 19, -o + 21 = 4*o + 3*t. What are the prime factors of -26*(-4)/12*o?
2, 13
Let b(r) be the third derivative of r**6/120 - r**5/4 - 13*r**4/12 + 11*r**3/3 - 12*r**2. What are the prime factors of b(17)?
2, 79
Suppose 0 = -3*q - 0*q - 2*g + 8, 2*q = -2*g + 6. Suppose -q*n - 3*n = -845. List the prime factors of n.
13
Let h = 32 + 57. List the prime factors of h.
89
Let y(p) = -p**2 - 12*p - 17. Let q be y(-10). Suppose 0 = -7*k + q*k. Suppose k = -5*j + 322 - 77. What are the prime factors of j?
7
Let z = 11 + -11. Suppose 4*w - o = 53, z*w - 5*w = 3*o - 62. Suppose 2*n - 13 = -4*h + w, h + 4*n = 24. List the prime factors of h.
2
Let n(r) = -2*r + 14. Let a be n(7). Suppose -w + 2 - 1 = a. What are the prime factors of w/(2*2/96)?
2, 3
Let z(x) be the first derivative of -x**4/4 + 10*x**3/3 - 4*x**2 + 15*x - 8. Let b be z(9). Suppose -2*n = 10, -i + 3*i - b = -4*n. List the prime factors of i.
2, 11
Suppose 0 = -4*x - 0*x + 12, -x = -5*q + 1657. List the prime factors of q.
2, 83
Let a(g) = g**2 + g - 6. Let d be a(3). Suppose 4*n = -j - 18, 0 = j - n - 1 - d. What are the prime factors of 2 - 3/(-6)*j?
3
Let z(d) = -d**3 - 7*d**2 + 13*d + 10. Let t be z(-8). List the prime factors of 26 - 1 - (-12)/(t/5).
23
Suppose p + 34 - 1623 = -3*f, -4*f = p - 2120. What are the prime factors of f?
3, 59
Let j(g) = 5*g - 27. Let v be j(7). Suppose w - 2*m = 174, v = -3*m - 4. What are the prime factors of w?
2, 83
List the prime factors of ((-5)/10)/((-1)/8930).
5, 19, 47
Let p be 5*(-4 + 12) - -2. Let s = p + -1. What are the prime factors of s?
41
Let g = 27 - -117. What are the prime factors of g?
2, 3
Suppose 0 = -3*u + 6 - 0. Suppose -u*t = -t - 2*p - 10, -4*t = -2*p - 22. List the prime factors of t.
2
Let l(h) = -h**2 + 34*h + 9. What are the prime factors of l(4)?
3, 43
Let d be (-1203)/9 + 3/(-9). Let g = d + 336. Suppose 0 = 4*p - 5*i + 42 - 174, -5*p - 3*i = -g. List the prime factors of p.
2, 19
Let u = -2103 - -4631. List the prime factors of u.
2, 79
Let m(f) be the third derivative of -17*f**4/24 - 2*f**3/3 + f**2. Let q(g) = -18*g - 5. Let w(c) = -7*m(c) + 6*q(c). List the prime factors of w(4).
2, 3, 7
Let z(t) be the second derivative of t**4/12 + t**3/2 - t**2/2 - 5*t. Let g be z(-2). What are the prime factors of (-2 - -10) + g/3?
7
Suppose -340 = -5*g + g. Suppose 5*u + 0*p + g = p, -3*u + 3*p - 39 = 0. List the prime factors of 6/4 - 477/u.
2, 7
List the prime factors of (-2)/(-7 + (-5038)/(-720)).
2, 3, 5
Let s(t) = -t**2 - t. Let g(u) = 2*u**2 + 13*u + 9. Let x(p) = -g(p) - 3*s(p). Let z = 40 - 28. What are the prime factors of x(z)?
3, 5
Let j(t) = 3*t**3 - 14*t**2 - 23*t - 49. List the prime factors of j(12).
2843
Let j = -61 - -65. Suppose 252 = -u + j*u. What are the prime factors of u?
2, 3, 7
Suppose 3*p + 1075 = 3157. What are the prime factors of p?
2, 347
Suppose -5*o + 4*o = 2*u - 4882, -9736 = -4*u + 5*o. What are the prime factors of u?
3, 271
Let l(p) be the third derivative of 7*p**4/6 + p**3 + 18*p**2. What are the prime factors of l(3)?
2, 3, 5
Let l(v) = -v**2 + 23*v - 7. Let s(h) = -2*h**2 + 35*h - 10. Let b(y) = 8*l(y) - 5*s(y). Suppose 200*t = 192*t - 56. What are the prime factors of b(t)?
29
Let h = -31 - -30. What are the prime factors of -3*(49/(-3) - 3/h)?
2, 5
Let a = -38 - -80. What are the prime factors of (-18)/a - 1263/(-7)?
2, 3, 5
Let l(y) be the second derivative of y**6/360 - y**5/60 - 2*y**4/3 - 2*y**3/3 + y. Let u(d) be the second derivative of l(d). List the prime factors of u(7).
19
What are the prime factors of 2 + 1/((-4)/(-1816))?
2, 3, 19
List the prime factors of 12620/15*(-1 + 25/10).
2, 631
Let z(f) be the third derivative of f**6/120 - f**5/30 - f**3/6 - 7*f**2. Let k be z(3). Suppose 5*g - 6*g = -k. List the prime factors of g.
2
Let h = 1179 + -1934. List the prime factors of 4/((-20)/h) + 1.
2, 19
Suppose 3*j = -j - 36. Let a(u) = -7*u**2 + 5. Let g(c) = 3*c**2 - 2. Let n(p) = j*g(p) - 4*a(p). List the prime factors of n(-3).
7
Let g be 1/3 + (-1130)/(-30). What are the prime factors of 3/(9/3) + g?
3, 13
Suppose 6*r = r + 10. Suppose 4*p - 5*g = 225 - 1, 122 = r*p - 5*g. List the prime factors of p.
3, 17
Let u(j) = -6*j + 8 + 5*j**2 + 0*j - 2 - 4*j**2. Let q be u(3). What are the prime factors of (-17)/(3/9*q)?
17
Let m(f) = f + 3. Let z be m(0). Let o be (-2)/((-6)/z)*0. Suppose o = t - 4 - 4. What are the prime factors of t?
2
Suppose 0 = -5*x + 25 + 20. Suppose -11 = j - 2*j. Let t = j - x. List the prime factors of t.
2
Let z(y) = y**3 - y**2 + y + 5. Suppose -5*i = -8 - 102. Let h = i - 22. List the prime factors of z(h).
5
Suppose -2633 = -4*z - 413. Suppose 0 = 2*n - n - 5*m - 93, 5*n - z = -5*m. List the prime factors of n.
2, 3
Suppose -5*g + 23456 = 11*g. What are the prime factors of g?
2, 733
Let k be ((-1 + 0 + 1)/(-1))/(-2). What are the prime factors of 2/(-5) + k + 88/20?
2
Let p = 7 + -2. Suppose -5*n + a = -22, p*n + a = 4*a + 16. Suppose 0 = -5*b + 4*x + 186, n*b = 2*b - 4*x + 118. List the prime factors of b.
2, 19
Let z(r) = 3 + 90*r**2 + 3 + 34*r**2 + 37*r**2. Let a(p) = 32*p**2 + 1. Let b(s) = 11*a(s) - 2*z(s). What are the prime factors of b(-1)?
29
Suppose 12*o = -12*o + 19128. What are the prime factors of o?
797
Let y be 221 - ((10 - 5) + -9). Let l = y + -96. List the prime factors of l.
3, 43
Let c(i) = 7*i**2 + 18*i - 17. Let k(b) = 7*b**2 + 17*b - 16. Let y(g) = -6*c(g) + 7*k(g). What are the prime factors of y(4)?
2, 73
Let s(x) = -1357*x + 3. What are the prime factors of s(-1)?
2, 5, 17
Let g = 695 - 1